prime?
True
Is 256699 composite?
False
Is 23642 prime?
False
Is 35251 a composite number?
False
Is 2819 a composite number?
False
Is 20627 a prime number?
True
Is 769 composite?
False
Is 223049 composite?
False
Is 10183 a prime number?
False
Is 95701 prime?
True
Is 354421 composite?
False
Is 5723 a prime number?
False
Is 10937 a composite number?
False
Is 419 a prime number?
True
Is 61781 prime?
True
Is 11953 a prime number?
True
Is 182285 a composite number?
True
Is 1037213 a prime number?
True
Is 61129 a prime number?
True
Is 4083 a composite number?
True
Is 2191 prime?
False
Is 57467 prime?
True
Is 676937 prime?
True
Is 226769 a prime number?
True
Is 34739 a prime number?
True
Is 368189 composite?
False
Is 26479 a composite number?
False
Is 4932671 a composite number?
False
Is 83059 composite?
False
Is 50671 a prime number?
True
Is 391 composite?
True
Is 11657 prime?
True
Is 339 composite?
True
Is 19939 a prime number?
False
Is 330709 composite?
True
Is 10771 prime?
True
Is 323023 a prime number?
False
Is 38543 a composite number?
False
Is 50719 prime?
False
Is 823279 a prime number?
False
Is 71935 composite?
True
Is 82939 a composite number?
False
Is 9554089 a prime number?
True
Is 78583 a prime number?
True
Is 169489 prime?
True
Is 2099 a prime number?
True
Is 3662 a composite number?
True
Is 6599 prime?
True
Is 1597 a prime number?
True
Is 237849 prime?
False
Is 4831 a prime number?
True
Is 216185 a prime number?
False
Is 13159 a prime number?
True
Is 15131 composite?
False
Is 330479 composite?
True
Is 1009727 prime?
True
Is 526703 composite?
False
Is 84377 a prime number?
True
Is 689431 prime?
True
Is 341 prime?
False
Is 777761 composite?
False
Is 32689 a prime number?
False
Is 1746947 prime?
True
Is 12895 a composite number?
True
Is 115117 prime?
True
Is 25279 a composite number?
True
Is 1509817 composite?
True
Is 3508231 prime?
True
Is 3299 a composite number?
False
Is 2353 a prime number?
False
Is 150022 composite?
True
Is 352823 composite?
True
Is 118003 a composite number?
True
Is 9199 prime?
True
Is 266971 composite?
False
Is 8147 prime?
True
Is 886237 composite?
True
Is 18499 composite?
True
Is 9757 a prime number?
False
Is 683 prime?
True
Is 91421 a composite number?
True
Is 19937 prime?
True
Is 7121 composite?
False
Is 460463 a prime number?
True
Is 1817 a composite number?
True
Is 23923 a composite number?
True
Is 6731 a prime number?
False
Is 210731 a prime number?
True
Is 24247 composite?
False
Is 48157 composite?
False
Is 182037 prime?
False
Is 969103 a prime number?
False
Is 3487 a prime number?
False
Is 19871 a composite number?
True
Is 5033 a composite number?
True
Is 545359 prime?
False
Is 1835 a prime number?
False
Is 68903 prime?
True
Is 40787 a composite number?
False
Is 25657 composite?
False
Is 13465 prime?
False
Is 481319 a composite number?
True
Is 456301 composite?
True
Is 8663 prime?
True
Is 54719 prime?
False
Is 8999 a prime number?
True
Is 2351 prime?
True
Is 7517 a composite number?
False
Is 77 a composite number?
True
Is 84641 composite?
True
Is 737 a prime number?
False
Is 263157 composite?
True
Is 136139 a composite number?
False
Is 11197 a prime number?
True
Is 24733 a prime number?
True
Is 98653 a composite number?
True
Is 2833 a prime number?
True
Is 22702 prime?
False
Is 13291 prime?
True
Is 15089 composite?
True
Is 52958 a composite number?
True
Is 13639 a composite number?
True
Is 147007 a prime number?
False
Is 27329 composite?
False
Is 2325706 a composite number?
True
Is 18419 prime?
False
Is 164165 a composite number?
True
Is 25969 a composite number?
False
Is 24935 prime?
False
Is 80071 a prime number?
True
Is 25195 composite?
True
Is 53 a prime number?
True
Is 375351 a prime number?
False
Is 3101111 composite?
True
Is 649 a prime number?
False
Is 28349 a composite number?
False
Is 7741 composite?
False
Is 28415 composite?
True
Is 22443 composite?
True
Is 198995 a composite number?
True
Is 43379 a composite number?
True
Is 3151319 composite?
False
Is 6817 prime?
False
Is 985819 composite?
False
Is 3551091 composite?
True
Is 286243 prime?
True
Is 5981 a prime number?
True
Is 2721 prime?
False
Is 40757 a prime number?
False
Is 599227 prime?
False
Is 24031 prime?
False
Is 10315 a prime number?
False
Is 2722 prime?
False
Is 195557 prime?
False
Is 102397 prime?
True
Is 7681 composite?
False
Is 2219 prime?
False
Is 26583 composite?
True
Is 421973 prime?
True
Is 689 composite?
True
Is 185 a composite number?
True
Is 1814483 a prime number?
False
Is 62773 prime?
True
Is 3869485 a prime number?
False
Is 3817 composite?
True
Is 674995 a prime number?
False
Is 76883 a prime number?
True
Is 54517 prime?
True
Is 10477 a prime number?
True
Is 130729 a composite number?
False
Is 751463 composite?
False
Is 811 prime?
True
Is 6158 a composite number?
True
Is 38945 prime?
False
Is 28901 composite?
False
Is 2051 a composite number?
True
Is 204667 a composite number?
False
Is 16493 prime?
True
Is 2609 a prime number?
True
Is 337583 composite?
False
Is 28603 a composite number?
False
Is 33563 a composite number?
False
Is 112117 prime?
False
Is 362723 a composite number?
False
Is 1543 a prime number?
True
Is 641467 a composite number?
False
Is 2317 a composite number?
True
Is 398591 a prime number?
True
Is 13921 prime?
True
Is 174703 a prime number?
True
Is 25477 composite?
True
Is 3613 a composite number?
False
Is 8849 a composite number?
False
Is 514765 composite?
True
Is 118939 a prime number?
False
Is 6583 composite?
True
Is 4547 composite?
False
Is 176963 a prime number?
False
Is 1103 a prime number?
True
Is 186449 a prime number?
False
Is 781295 a composite number?
True
Is 787 a composite number?
False
Is 405029 composite?
False
Is 2375689 composite?
True
Is 67579 a prime number?
True
Is 56081 a prime number?
True
Is 8889 a prime number?
False
Is 668845 a prime number?
False
Is 23159 prime?
True
Is 3683 a prime number?
False
Is 3643 a composite number?
False
Is 979939 a prime number?
False
Is 488933 a prime number?
False
Is 402929 composite?
True
Is 3433 a prime number?
True
Is 5207 a prime number?
False
Is 705389 a composite number?
False
Is 11791 a composite number?
True
Is 11359 prime?
False
Is 300221 a prime number?
True
Is 147481 a composite number?
False
Is 32947 a prime number?
False
Is 21247 a composite number?
False
Is 23447 prime?
True
Is 437603 a composite number?
True
Is 36827 a prime number?
False
Is 450277 prime?
True
Is 68345 prime?
False
Is 89153 a composite number?
False
Is 433099 composite?
False
Is 716029 composite?
True
Is 1420357 prime?
True
Is 179 composite?
False
Is 58553 a composite number?
True
Is 1412405 a composite number?
True
Is 1210271 prime?
False
Is 743 a prime number?
True
Is 132058 composite?
True
Is 18119 prime?
True
Is 347609 a prime number?
True
Is 7711 a composite number?
True
Is 13451 a prime number?
True
Is 96963 a composite number?
True
Is 233141 a prime number?
True
Is 95891 a prime number?
True
Is 6506 composite?
True
Is 36415 prime?
False
Is 40277 a prime number?
True
Is 16145 a composite number?
True
Is 22331 a composite number?
True
Is 2927 prime?
True
Is 4547 prime?
True
Is 40877 composite?
True
Is 2513 composite?
True
Is 95701 a composite number?
False
Is 306377 a prime number?
True
Is 80309 prime?
True
Is 203537 composite?
True
Is 55643 a prime number?
False
Is 10954 composite?
True
Is 879289 composite?
True
Is 7241 composite?
True
Is 4481 prime?
True
Is 13093 a composite number?
False
Is 126199 a prime number?
True
Is 2513 composite?
True
Is 3694 prime?
False
Is 4967 prime?
True
Is 615155 composite?
True
Is 253583 composite?
True
Is 1711 prime?
False
Is 5623 composite?
False
Is 257 composite?
False
Is 22579 a composite number?
True
Is 6109 a composite number?
True
Is 78007 composite?
False
Is 16811 composite?
False
Is 519643 prime?
True
Is 1137 composite?
True
Is 787 prime?
True
Is 102929 prime?
True
Is 301141 a composite number?
False
Is 20931 composite?
True
Is 9977 prime?
False
Is 42727 composite?
False
Is 2587 a composite number?
True
Is 35149 composite?
False
Is 658505 a prime number?
False
Is 60209 prime?
True
Is 168593 a prime number?
False
Is 2463 prime?
False
Is 2329 prime?
False
Is 277247 composite?
False
Is 648149 composite?
True
Is 1034783 a pri